Does 69 divide 13524?
True
Is 250 a multiple of 5?
True
Is 20380 a multiple of 49?
False
Does 146 divide 12538?
False
Is 2049 a multiple of 89?
False
Is 4396 a multiple of 4?
True
Is 43428 a multiple of 154?
True
Is 585 a multiple of 39?
True
Is 114 a factor of 16074?
True
Does 38 divide 9543?
False
Is 25 a factor of 1100?
True
Is 132 a factor of 10632?
False
Does 13 divide 32229?
False
Is 720 a multiple of 9?
True
Does 86 divide 1376?
True
Is 10 a factor of 4673?
False
Is 1747 a multiple of 43?
False
Is 1170 a multiple of 15?
True
Is 38 a factor of 5966?
True
Is 7 a factor of 700?
True
Is 22 a factor of 7710?
False
Is 470 a multiple of 27?
False
Is 192 a factor of 24576?
True
Is 941 a multiple of 36?
False
Is 139 a factor of 139?
True
Does 92 divide 2944?
True
Is 3999 a multiple of 129?
True
Is 33315 a multiple of 233?
False
Is 9438 a multiple of 11?
True
Is 47 a factor of 1152?
False
Is 3 a factor of 244?
False
Is 33 a factor of 23074?
False
Is 166 a factor of 27224?
True
Does 19 divide 2729?
False
Is 52 a multiple of 3?
False
Is 13961 a multiple of 11?
False
Is 38 a factor of 304?
True
Is 2170 a multiple of 62?
True
Is 6440 a multiple of 115?
True
Is 104826 a multiple of 353?
False
Is 780 a multiple of 5?
True
Is 1576 a multiple of 17?
False
Is 621 a multiple of 23?
True
Is 26 a multiple of 5?
False
Does 51 divide 1931?
False
Does 9 divide 234?
True
Does 50 divide 3674?
False
Is 191 a factor of 19673?
True
Is 392 a multiple of 10?
False
Is 12 a factor of 80061?
False
Is 380 a multiple of 95?
True
Does 32 divide 8467?
False
Is 4391 a multiple of 157?
False
Does 15 divide 373?
False
Is 135 a factor of 6885?
True
Does 4 divide 3924?
True
Does 110 divide 11880?
True
Is 288 a multiple of 4?
True
Does 4 divide 185?
False
Is 396 a multiple of 34?
False
Is 4 a factor of 528?
True
Does 59 divide 118?
True
Is 485 a multiple of 209?
False
Is 3 a factor of 306?
True
Is 19 a factor of 209?
True
Is 16500 a multiple of 60?
True
Is 808 a multiple of 16?
False
Does 33 divide 34063?
False
Is 9 a factor of 9079?
False
Is 23516 a multiple of 39?
False
Is 1089 a multiple of 27?
False
Does 12 divide 659?
False
Does 38 divide 722?
True
Does 56 divide 29829?
False
Does 12 divide 1609?
False
Is 3 a factor of 479?
False
Is 448 a multiple of 16?
True
Is 701 a multiple of 8?
False
Does 224 divide 99904?
True
Does 75 divide 138?
False
Is 3 a factor of 263?
False
Is 222 a factor of 7900?
False
Is 82 a factor of 67568?
True
Is 27 a factor of 2677?
False
Is 34513 a multiple of 22?
False
Is 24420 a multiple of 70?
False
Is 78 a multiple of 9?
False
Is 2 a factor of 8470?
True
Is 25591 a multiple of 157?
True
Is 12 a factor of 38819?
False
Is 1485 a multiple of 33?
True
Is 1403 a multiple of 68?
False
Does 19 divide 1435?
False
Is 59 a factor of 23777?
True
Is 60062 a multiple of 111?
False
Does 31 divide 6603?
True
Does 14 divide 272?
False
Does 23 divide 1380?
True
Does 81 divide 1539?
True
Is 13 a factor of 892?
False
Is 93 a factor of 1953?
True
Is 4 a factor of 38256?
True
Is 36 a multiple of 18?
True
Is 27432 a multiple of 27?
True
Does 34 divide 51182?
False
Is 33 a factor of 705?
False
Does 6 divide 504?
True
Is 74 a factor of 3478?
True
Does 35 divide 2485?
True
Is 8 a factor of 48?
True
Is 4 a factor of 121?
False
Is 1719 a multiple of 9?
True
Is 15 a factor of 2100?
True
Is 866 a multiple of 40?
False
Is 220 a multiple of 22?
True
Does 31 divide 445?
False
Does 52 divide 3068?
True
Is 27 a factor of 205?
False
Does 4 divide 1779?
False
Is 79410 a multiple of 67?
False
Is 248 a factor of 9672?
True
Is 14 a factor of 410?
False
Does 14 divide 812?
True
Is 10 a factor of 721?
False
Is 42 a factor of 21546?
True
Does 18 divide 23130?
True
Is 720 a multiple of 72?
True
Is 12 a factor of 672?
True
Is 76206 a multiple of 13?
True
Does 35 divide 280?
True
Does 16 divide 4582?
False
Is 6079 a multiple of 36?
False
Is 38 a factor of 2687?
False
Is 32062 a multiple of 34?
True
Is 6580 a multiple of 14?
True
Does 24 divide 1248?
True
Does 12 divide 3764?
False
Is 2162 even?
True
Is 46 a factor of 57316?
True
Is 770 a multiple of 7?
True
Is 14 a factor of 2953?
False
Is 1983 a multiple of 14?
False
Is 1320 a multiple of 66?
True
Is 21 a factor of 20239?
False
Is 107924 a multiple of 17?
False
Does 68 divide 22098?
False
Is 286 a multiple of 98?
False
Is 18965 a multiple of 51?
False
Is 494 a multiple of 19?
True
Is 30804 a multiple of 45?
False
Is 1833 even?
False
Does 75 divide 63675?
True
Is 1344 a multiple of 21?
True
Is 684 a multiple of 12?
True
Is 1003 a multiple of 15?
False
Does 17 divide 1007?
False
Is 18 a factor of 3316?
False
Is 26 a factor of 3901?
False
Is 30 a factor of 4321?
False
Is 31 a factor of 10874?
False
Is 149 a multiple of 15?
False
Is 128 a multiple of 8?
True
Is 33 a factor of 33660?
True
Is 27 a factor of 1080?
True
Is 2255 a multiple of 41?
True
Does 18 divide 12188?
False
Does 125 divide 5375?
True
Is 9 a factor of 131?
False
Is 640 a multiple of 40?
True
Is 26 a factor of 29796?
True
Does 74 divide 1972?
False
Is 87 a factor of 87?
True
Is 5104 a multiple of 58?
True
Is 3548 a multiple of 16?
False
Is 120 a multiple of 15?
True
Does 12 divide 948?
True
Does 13 divide 4665?
False
Is 106 a factor of 6187?
False
Is 7139 a multiple of 11?
True
Does 12 divide 1644?
True
Does 20 divide 40306?
False
Is 3198 a multiple of 123?
True
Does 18 divide 1620?
True
Is 1048 a multiple of 14?
False
Is 22240 a multiple of 10?
True
Does 437 divide 69046?
True
Does 59 divide 6962?
True
Is 11 a factor of 68?
False
Is 462 a multiple of 14?
True
Is 2440 a multiple of 40?
True
Is 8 a factor of 23?
False
Does 20 divide 1540?
True
Is 14 a factor of 3526?
False
Is 540 a multiple of 20?
True
Is 2133 a multiple of 9?
True
Is 30 a factor of 49673?
False
Is 9 a factor of 222?
False
Does 93 divide 1488?
True
Is 5130 a multiple of 27?
True
Does 3 divide 383?
False
Is 428 a multiple of 11?
False
Is 87696 a multiple of 126?
True
Does 44 divide 293?
False
Is 738 even?
True
Is 2368 a multiple of 8?
True
Is 3 a factor of 166?
False
Does 93 divide 279?
True
Is 630 a multiple of 9?
True
Is 174 a multiple of 4?
False
Is 3 a factor of 122?
False
Is 3910 a multiple of 10?
True
Does 12 divide 39973?
False
Does 22 divide 286?
True
Is 12900 a multiple of 25?
True
Is 20 a factor of 7060?
True
Does 9 divide 9062?
False
Is 1753 a multiple of 4?
False
Does 13 divide 1196?
True
Does 7 divide 548?
False
Is 3150 a multiple of 7?
True
Is 14 a factor of 602?
True
Is 873 a multiple of 12?
False
Is 38 a factor of 11465?
False
Is 11 a factor of 51163?
False
Does 34 divide 12253?
False
Does 24 divide 1716?
False
Is 24 a factor of 216?
True
Is 3360 a multiple of 64?
False
Is 70 a factor of 3010?
True
Is 1423 a multiple of 67?
False
Is 1612 a multiple of 14?
False
Does 17 divide 91946?
False
Does 124 divide 26163?
False
Does 8 divide 14952?
True
Is 27638 a multiple of 44?
False
Is 53 a factor of 742?
True
Is 877 a multiple of 3?
False
Is 31 a factor of 6268?
False
Is 22 a factor of 21846?
True
Does 19 divide 1152?
False
Is 252 a multiple of 14?
True
Is 15508 a multiple of 41?
False
Is 9 a factor of 11385?
True
Is 70 a factor of 6860?
True
Is 427 a multiple of 8?
False
Is 49534 a multiple of 294?
False
Is 204 a multiple of 3?
True
Is 7 a factor of 951?
False
Is 16 a factor of 16016?
True
Is 259 even?
False
Is 1296 a multiple of 9?
True
Does 15 divide 6135?
True
Is 2958 a multiple of 87?
True
Is 9 a factor of 1530?
True
Is 27001 a multiple of 13?
True
Is 996 a multiple of 83?
True
Is 148 a multiple of 8?
False
Does 3 divide 19925?
False
Is 3208 a multiple of 8?
True
Is 9 a factor of 5530?
False
Does 2 divide 289?
False
Is 437 a multiple of 19?
True
Is 47 a factor of 1175?
True
Does 21 divide 23025?
False
Is 48 a factor of 40439?
False
Does 17 divide 2754?
True
Is 1344 a multiple of 19?
False
Is 12 a factor of 904?
False
Is 1680 a multiple of 153?
False
Is 66 a factor of 1963?
False
Is 2663 a multiple of 10?
False
Does 11 divide 45331?
True
Does 6 divide 2700?
True
Is 3 a factor of 12?
True
Does 16 divide 2512?
True
Is 14 a factor of 742?
True
Does 3 divide 432?
True
Is 530 a multiple of 3?
False
Is 8 a factor of 65000?
True
Is 6669 a multiple of 13?
True
Does 72 divide 4661?
False
Does 81 divide 12231?
